 7 + -15?
-4
Evaluate -4 - (-4 + 5 - 6).
1
Calculate 0 - (2 - (5 - (0 - 1))).
4
What is 2 - (2 + -4 + -1) - 3?
2
What is (2 - 3) + 1 + -5?
-5
What is (5 - 4) + (4 - 1 - 9)?
-5
Calculate 7 + -14 + (2 - -9).
4
What is -5 + (0 + -6 - (-35 + 31))?
-7
-10 + (6 - (8 - (0 + 2)))
-10
-4 - (2 + (8 - 20))
6
What is the value of -7 - (3 - 4) - -2?
-4
Calculate 0 - 1 - (-2 - 2).
3
-1 + 0 + 9 - (-7 - -8)
7
3 + 0 + -10 + 6 + 4
3
-107 + 108 + (0 - -2)
3
Evaluate -10 - -14 - (7 + -14 + 7).
4
Calculate 2 - (-8 + 13 - 2).
-1
(2 - 10) + (1 - -6)
-1
Evaluate 8 - (8 + 5 + -7).
2
What is the value of (4 - (-3 + 7)) + 0 + -9?
-9
What is the value of -3 + 4 + (-3 - -1 - 1)?
-2
What is -9 + 17 + -4 + 2 + -10?
-4
5 + (-17 - -14) - (9 - -1)
-8
Evaluate -1 - 4 - (-13 - (-6 + 2)).
4
What is -3 + -8 - -9 - -10?
8
0 + -8 + 5 + 6
3
What is ((0 - -1) + -7 - -1) + 5?
0
What is the value of 23 + -25 - (1 - 4)?
1
Evaluate (4 - (5 - (-6 + 11))) + 5.
9
4 - (3 + (1 - -2))
-2
Calculate (-8 - -5) + 2 + (1 - 1).
-1
What is (-11 - -6 - -8) + 2?
5
0 + -3 - -7 - (5 - 2)
1
What is -3 + 9 + -7 + (1 - 3)?
-3
What is 5 - ((-1 - -4) + -1 - -5)?
-2
What is 4 - (-2 - 2 - -4)?
4
4 - (4 + -9 - -4)
5
Evaluate (-4 - -5) + -3 - (-10 - -10).
-2
Evaluate 1 + (-3 - -3) - (-9 + 5).
5
Calculate -2 + (0 - -1) + -3 + 0.
-4
1 + 4 - (2 - -2) - 6
-5
What is 2 + -1 + -3 - -2?
0
What is 1 + -6 - (-17 + 2 + 14)?
-4
What is 0 + 5 - (-16 - -1 - -17)?
3
Evaluate 1 - (-2 - (-11 - -8)).
0
Calculate 2 + -5 + 1 + -3.
-5
Calculate -1 - (1 - 8) - (1 + 0).
5
Evaluate -5 + -1 + 5 + 8 + -5.
2
What is (81 - 85) + (1 - 0 - 0)?
-3
Calculate 2 - 5 - (2 + -4).
-1
What is the value of -1 + 2 + (0 + -8 - -5)?
-2
-15 + (0 + 0 - -9)
-6
Evaluate (-1 + 2 - (3 + -3)) + -2.
-1
What is (9 - 0) + (-4 - 6 - -6)?
5
Calculate (3 - 0) + (-1 - -1) + -1.
2
(3 - -1) + (-7 + 10 - 2)
5
What is (-3 - 3) + 13 + -12?
-5
Calculate (-6 + 3 + 7 - 4) + 0.
0
What is the value of (3 - 0) + -3 - 0 - -3?
3
-4 - 0 - (7 + 8 + -20)
1
What is 1 + (16 + -8 - 13) + -1?
-5
What is -8 - (14 - 4 - 24)?
6
What is the value of 0 + -3 - (-3 + -3)?
3
1 + (1 - 1) - (5 - 2)
-2
-22 - -25 - (-1 + -2 + 2)
4
What is 28 + -24 + (-1 - (-3 + 10))?
-4
Calculate 8 + 2 + -2 + -39 + 42.
11
(-5 - -14) + -5 + (2 - 6)
0
Calculate 12 + -20 - (-1 + -2 + -1).
-4
What is -13 + 5 + (5 - 1)?
-4
2 - (65 + -68 - (-7 - 0))
-2
What is the value of -8 + 14 + -2 - 9?
-5
Evaluate 37 + -33 + -5 + -1 + 2.
0
Calculate -7 + -2 + 7 - -5.
3
-8 + 4 + 4 + (0 - 1)
-1
Evaluate 2 - (-12 - (-25 - -2)).
-9
-5 + (4 - 1) - -6
4
What is the value of 3 + 5 + -7 - (6 + 1)?
-6
Calculate -5 + (-2 + (2 - 1) - -5).
-1
What is 1 + 0 - (2 - (-11 + 11))?
-1
4 - ((-6 - -4) + 4 + 2)
0
-5 + (4 - 4) + 5 - -1
1
Calculate (4 - (-4 + (0 - -5))) + -8.
-5
What is the value of -7 + (-2 + 3 - -2) - -2?
-2
What is (2 - 1) + -5 + (5 - 0)?
1
3 + 1 - (-13 - -15)
2
Calculate -4 - (1 + (-2 - 2) + -3).
2
Evaluate -2 - (-7 - (3 - (7 - 1))).
2
What is 8 + -9 - (-6 - -3 - 0)?
2
Calculate (6 + -2 - 1) + -1.
2
What is 12 + (1 - 6) - 1?
6
Evaluate -3 + -3 + 6 + -1.
-1
What is the value of (0 - 1) + 5 + 1 + -4?
1
Evaluate -5 + 2 + -4 + 7 - 0.
0
Calculate -4 + (3 - 4) + 6.
1
(-2 - -5) + (-9 - -8) + 0
2
Calculate 4 + (-1 - 2 - (-10 - -5)).
6
What is the value of 4 - (2 - (2 + (1 - 4)))?
1
-14 + 16 - (1 - 1)
2
What is 4 + -3 + (0 - 4)?
-3
-7 + 1 + -51 + 54
-3
Evaluate 3 + -6 + (-11 - -6) + 5.
-3
Calculate (-4 - (5 - 13)) + (-1 - 6).
-3
What is -55 + 56 - (1 + 7)?
-7
Calculate 0 + 1 + (-20 - (-22 + 10)).
-7
Calculate 4 - -3 - 6 - (-2 - 0).
3
What is the value of 0 - (-4 - -9) - -5?
0
What is (-2 - -6) + (0 - 4) + -1?
-1
What is (1 - (4 - -4)) + -23 + 26?
-4
What is (-3 - (-5 + 1 - 0)) + -3?
-2
What is -3 + -2 + 5 - -1 - -2?
3
What is the value of 8 + -13 + 0 + 5?
0
0 + 0 - (-30 + (1 - -24))
5
Evaluate (-3 - (-1 + 3)) + 5 - -1.
1
What is the value of (0 - -1) + -8 + 5?
-2
What is 3 + (-3 + -1 - -4) + 0?
3
What is the value of 0 + 7 - (-19 + 26)?
0
What is 2 + (6 - (5 + -1))?
4
What is (8 + -1 - 4) + -6?
-3
What is -33 + 42 + -1 + -2?
6
(4 - -6) + 5 - 9
6
What is the value of (4 - (4 + -4 - 4)) + -2?
6
What is the value of -8 + (-10 - -10) + 5 + 0?
-3
What is the value of 2 - (2 - -2 - 1)?
-1
-5 - (5 + -20 - (5 - 12))
3
192 + -194 - (1 - -6)
-9
Evaluate (-6 - (-2 + -3 - 10)) + -2.
7
Calculate 3 + -11 + 0 - -14.
6
What is the value of 5 + -7 + -2 - 1?
-5
What is (1 - -1) + 1 + (-12 - -11)?
2
5 + -11 - (-5 + 8 + 0)
-9
What is the value of -1 + (-5 + 12 - 2 - 0)?
4
(0 + 0 - -2) + -58 + 58
2
Evaluate 2 + (1 - (-1 - -3)) - 4.
-3
Evaluate (-18 - -26) + -4 + 4.
8
What is the value of 2 + (-5 - 3) - -6?
0
Evaluate -5 - (-5 + 0 + 2).
-2
Calculate 7 + -4 + 6 - 4.
5
Calculate (0 + -3 - -5) + (0 - 1).
1
(2 - 3) + -6 + 19 + -7
5
Evaluate (13 - (5 - 5)) + -18 + 10.
5
2 - (-8 - -20) - -12
2
0 - -1 - (-3 - 5 - -11)
-2
What is (-2 - -7) + (11 - 20)?
-4
Calculate (-11 - -5) + 3 - -8 - 1.
4
What is the value of -2 + -1 + (0 - (2 - 3))?
-2
What is 4 + 1 + (-21 - -19)?
3
Evaluate -3 - 0 - (2 + -8 + 1).
2
Evaluate 8 + 1 + -2 + -9.
-2
Calculate (17 - 16) + -2 + 6.
5
-1 - -2 - -5 - (57 - 43)
-8
9 + (-27 - -12) - (0 - 0)
-6
What is -10 + 3 + (14 - 11)?
-4
Evaluate 11 + 9 + -16 - (9 - -1).
-6
(6 - (1 - 0)) + (-3 - 3)
-1
What is the value of (0 - -4) + -1 + -1?
2
Evaluate 0 + -5 + 10 + -6.
-1
Evaluate -15 + (-2 - 5) + 15.
-7
(9 + -9 - 5) + 11
6
What is 4 - -2 - (8 + 2)?
-4
Calculate -3 + 5 + -5 - (3 - 3).
-3
Calculate -4 + 2 - -8 - 6 - -7.
7
Calculate -13 + 8 - (1 + -7).
1
Calculate -10 + (-3 - (-7 - 2)).
-4
Evaluate -2 + 21 + -18 - (-4 + 0).
5
-5 + (7 - 2) + 1
1
Calculate (5 - 1 - (48 - 48)) + -1.
3
What is 0 + -1 + (0 - (5 - 4))?
-2
What is -1 - 0 - (-28 + 31)?
-4
Evaluate 31 + -31 - (0 + -1).
1
(-4 - 1) + (4 - 2)
-3
-2 + 0 + -1 + 7 + -2
2
What is 1 + -1 - -1 - (-28 - -26)?
3
What is (0 - 4) + (2 - -5)?
3
What is the value of -5 + 0 + (1 - (1 - 4))?
-1
Evaluate 4 + -3 + 4 + -2.
3
What is 11 - (1 + 8) - 7?
-5
Evaluate (-18 - -12 - -13) + 0.
7
Calculate (0 + 4 - 8) + 4.
0
Calculate (18 - 13 - (2 + -3)) + -13.
-7
What is the value of 5 - 2 - (-2 - -6)?
-1
Calculate -1 + 0 + -2 + 6.
3
Calculate -5 - ((-9 - -12) + -7).
-1
What is 0 + -1 + -3 + 6 + -3?
-1
What is 0 - -5 - (-3 + 3 + 2)?
3
What is the value of -1 + (-3 - 1 - (3 - 4))?
-4
Calculate -22 + (1 - -11) + 5.
-5
Calculate -14 + 19 - (10 + 3).
-8
8 + (-3 - (-1 + -4 + 5))
5
Evaluate (-20 - -17) + -1 + -1 + 2.
-3
What is (6 - 0 - 5) + (-2 - 4)?
-5
What is -11 + (6 - (-8 - -8))?
-5
(6 - (-3 + 4)) + -5
0
Calculate 2 + -2 + -1 + 6.
5
Calculate (4 - 0) + -10 - -3.
-3
What is the value of 1 - (-2 - -6) - 1 - -2?
-2
Evaluate (-1 + 6 - 13) + 7.
-1
What is the value of 12 + -5 + (-15 - -3)?
-5
What is 6 - -3 - (-26 + 31)?
4
Calculate (2 - -4) + (4 - 2).
8
Calculate -1 + (5 - 0) + -7.
-3
Calculate 15 - (-13 + 21) - 10.
-3
What is the value of -2 + (-20 - -16 - (-1 + -3))?
-2
What is 2 - (-35 + 31 + (0 - -13))?
-7
Calculate -3 - (0 + 1) - -1.
-3
What is the value of -4 + 0 + 13 + -6?
3
What is the value of -8 - (-8 - (-1 - -3))?
2
Calculate (1 - 11) + (-94 - -104).
0
What is the value of -4 + 2 - (-1 - (-2 + -1))?
-4
What is -1 - (0 + -3) - 4?
-2
What is the value of (-1 - -10) + (-8 - -5) - 2?
4
Calculate -3 + (2 - (4 - 1 - 3)).
-1
What is the value of 33 + -39 - (-5 + 3 + -3)?
-1
Calculate (-3 + -4 - -14 - 3) + 3.
7
-6 + 4 - (1 - 4)
1
What is (7 - 13 - -9) + -9?
-6
-1 - 4 - (140 - 141)
-4
-3 - (4 + (-6 - 1))
0
What is the value of 0 + -3 + 3 + -2 + 3?
1
What is (4 - 4) + 2 + -1 + -5?
-4
Evaluate 2 - ((-5 - -5) + 0).
2
-8 + 10 - (13 + -5)
-6
What is the value of 1 + (-1 + 2 - -2)?
4
-2 - 1 - (0 - -1)
-4
What is 0 - -11 - (-7 + 19)?
-1
-2 + -1 + 4 + -2
-1
-4 + 2 + (-4 + 0 - -3)
-3
Evaluate 4 - 1 - (-20 - -24).
-1
Evaluate (3 - 1 - 7) + (-25 - -38).
8
Calculate 2 + -5 + 8 - 8.
-3
What is (-11 + (2 - -1) - -4) + 7?
3
What is the value of -1 - (1 - 1 - 4) - 0?
3
Evaluate 5 - (16 + 0 + -4 - 5).
-2
Evaluate 0 + (3 + -7 - (-18 + 6)).
8
Calculate 2 + -1 - (-4 - -11).
-6
Evaluate 3 + (1 - (1 - (-4 - -2))).
1
-63 + 70 - (5 + -1)
3
Evaluate -17 + 18 - (-1 - -1).
1
Evaluate -4 - -2 - (7 - 11).
2
Calculate -1 - ((-2 - -3 - 0) + -4).
2
What is (0 - 2) + 0 + 4?
2
Evaluate -1 - 1 - (-7 - -9).
-4
Evaluate (21 - (26 + -13)) + -5.
3
-3 - (-6 + 12) - (0 